 What is the hundreds digit of v?
4
Let z(w) = w**2 - 9*w - 12. Let i be z(11). Suppose 0 = -i*q + 6*q + 8. Suppose 4*v + 58 = q*c, -v - 2*v = 3*c - 96. What is the units digit of c?
1
Let g(d) = 23 + 6 - 19*d + 24*d. Let m be g(-5). Suppose 5*b + m*w - 30 = 5*w, 4*w - 41 = -3*b. What is the units digit of b?
7
Suppose -24 = -2*k + 5*j, -13 = -4*k + 4*j + 11. Let q(l) = 28*l**2 - 6*l + 8. What is the tens digit of q(k)?
0
Suppose -2*s + d + 11351 = 0, s = -4*d + 7*d + 5673. What is the units digit of s?
6
Let l be (2/(-6))/((-5)/(-60)). Let p be (l/(-14))/(6/84). Suppose -24 = p*t - 308. What is the tens digit of t?
7
Let g(r) = 20*r**2 + 155*r + 146. What is the tens digit of g(-28)?
8
Let r(u) be the third derivative of -5*u**4/12 - 5*u**3/6 - 8*u**2. Let m be r(-3). Let c = m + 47. What is the units digit of c?
2
Suppose -1 = 3*u + 2. Let a be ((-560)/14)/(1*u). Suppose -2*f = -4*f - 4*q + a, f - 20 = 5*q. What is the units digit of f?
0
Let t be 12/15 + 1*280/25. Suppose -2725 = -t*l + 5327. What is the tens digit of l?
7
Let u = -13810 - -26546. Suppose 5*b = -4926 + u. What is the tens digit of b?
6
Let b(w) = 7*w - 7. Let h be b(-25). What is the tens digit of 28/h + (-2199)/(-13)?
6
Let j = 14049 - -9226. What is the hundreds digit of j?
2
Let h(f) = -f + 19. Let r be h(21). Let w be (-2)/(30/(-9)) + r/(-5). What is the hundreds digit of 201 + 1 + w + 2?
2
Let q = -400 + 398. What is the tens digit of q/8 + 85823/76?
2
Let s(u) = 0 + 2*u + 3 - 2*u**3 - 5 - 2*u**3. Let b be s(1). What is the hundreds digit of (132 + 1)/(b*2/(-8))?
1
Let k(g) = 43*g**3 - g**2 - 4*g + 2. Let b be k(-2). Let y = 681 + b. What is the hundreds digit of y?
3
Suppose 110*h = 117*h - 56021. What is the thousands digit of h?
8
Let c(m) = m**3 - 9*m**2 + 14*m + 11. Let w be -3*(2 + 85/(-15)). Let f be c(w). Suppose -292 = -2*b + 4*p, -4*b + p = -f - 149. What is the tens digit of b?
3
Let o be ((-14)/(-7))/4*5*2. Suppose -o*b + 25 = 5*j, 2*b - 27 + 11 = -4*j. Suppose 4*v = -4*c + 236, b*c + c + 5*v = 183. What is the tens digit of c?
5
Let k(f) = f**3 + 115*f**2 - 93*f - 546. What is the units digit of k(-114)?
2
Let j = 161 - 138. Suppose -5*d - j + 178 = -4*s, 5*s = -25. What is the tens digit of d?
2
Let q(v) = -15*v - 34. Let s be q(-16). Let m = s - 158. What is the units digit of m?
8
Let b = -151 - -151. Suppose b = 25*l - 27*l + 74. What is the tens digit of l?
3
Let o(x) = -10*x**2 - 9*x - 3. Let t be o(-5). Let l = t - -377. What is the hundreds digit of l?
1
Suppose -5*t + a - 234 = 82, 2*a + 61 = -t. Let b = t + 177. Suppose -2*m - 106 = -i, -i - m = m - b. What is the hundreds digit of i?
1
Let v(g) = -7*g + 95. Suppose -3*x + 3 = -4*u, -5 - 23 = -u - 5*x. What is the tens digit of v(u)?
7
Let n = 7180 + 13390. What is the ten thousands digit of n?
2
Let t(a) be the third derivative of 4*a**5/15 + 5*a**4/12 - 31*a**3/6 - 2*a**2 + 50*a. What is the units digit of t(3)?
3
Let u = -171 + 175. Suppose 335 = 5*w + 5*g, 29*w - 28*w = u*g + 57. What is the tens digit of w?
6
Let i(o) = -o**2 - 4*o. Let h be i(-2). Let b be ((h - 5) + -1)*-10. Let x = 57 - b. What is the tens digit of x?
3
Let h = -2225 - -1161. What is the thousands digit of -10 + 4 - (1 + h)?
1
Let s = 39400 - 21824. What is the units digit of s?
6
Suppose 197*j - 3520918 = 88*j. What is the hundreds digit of j?
3
Let r(q) = -71*q + 130. Suppose -4*t + 378 - 430 = 0. What is the thousands digit of r(t)?
1
Let b = 298 - 298. Suppose b = -5*j - 0*a - a + 3468, 692 = j + a. What is the units digit of j?
4
Let n = 7710 + -4104. Suppose 5*r - c + 5*c - n = 0, 0 = -4*r - 3*c + 2885. What is the tens digit of r?
2
Let x = 46 - 46. Suppose 4*h = -x*k + k - 15, -3*k - 6 = 5*h. Suppose -k*f - f + 12 = 0. What is the units digit of f?
3
What is the hundreds digit of 16/(-6)*(9 + 1311/38)*-237?
4
Let p be 1/(2/(-24) + 0). What is the hundreds digit of (-1 - p/9) + (-2040)/(-9)?
2
Suppose 523 = 6*n - 773. Let k = 870 - n. What is the tens digit of (k/(-18))/(3/(-9))?
0
Let l be 21/(-28)*(-10 + 6). Suppose 2*j - v = 213, l*v = -5*j + 2*v + 529. What is the units digit of j?
6
Let t be (-15)/21 + 1 - 192/(-14). Suppose -2*v + 700 = 2*r, r - 9*v + t*v = 334. What is the units digit of r?
4
Let o = 245 + -241. Suppose o*g = g + 135. What is the tens digit of g?
4
Suppose 5*c + 45248 = 3*a, 114*a + 4*c = 109*a + 75438. What is the tens digit of a?
8
Let c = 42452 - 27674. What is the ten thousands digit of c?
1
Let q be -7 + 123843*(-6)/18. What is the tens digit of (q/24)/13*-3?
9
Let b = 51247 + -43107. What is the hundreds digit of b?
1
Let s(a) = -a + 11. Let r be s(-7). Suppose -4*i = -6*i + 50. Let p = i + r. What is the tens digit of p?
4
What is the thousands digit of (-216)/(-18) + -5 + 13548?
3
Let b be 4665/(-12)*(19 - 47). Suppose -21*x + 2366 = -b. What is the hundreds digit of x?
6
Suppose -3*r = -4*k - 177, 4*r + 0*r - k = 223. Let f(w) = 165*w**2 - w - 1. Let y be f(-1). Let t = y - r. What is the tens digit of t?
1
Let m = 41526 - 23936. What is the hundreds digit of m?
5
Let u(y) be the third derivative of -y**4/24 + y**3 + 9*y**2. Let t be u(4). Suppose 5*m + 263 = t*s, -2*s + m + 3*m + 260 = 0. What is the hundreds digit of s?
1
Suppose -14*a + 63 = -21*a. Let k(c) be the first derivative of -c**4/4 - 8*c**3/3 - 11*c**2/2 - 24*c + 1. What is the tens digit of k(a)?
5
Suppose -g + c - 67 = 4*g, 3*g - 4*c = -30. What is the tens digit of (-4)/2 - (-11 - g) - -494?
8
Let j(b) = -b + 15. Let a be j(6). Suppose -6*d = -a*d. Suppose -2*z + 26 = -5*k, -3*z + 0*k - k + 56 = d. What is the units digit of z?
8
Let g be 6/(154/(-160) - -1). Let m be 240/14 + (-72)/63. Suppose -m*w - g = -17*w. What is the tens digit of w?
6
Let s(a) = -a + 108. Let x be -9 - -4 - (-1 - 3). Let i be -1 - (x/(-3))/(2/(-6)). What is the tens digit of s(i)?
0
Suppose 5*w = -4*i + 27376, 4*w - 12085 = -7*i + 9812. What is the hundreds digit of w?
4
Let r(o) = 5*o**2 + 5*o + 4. Let s be r(-4). Let y be -579*s/(-144)*(-3)/4. Let q = y + 292. What is the tens digit of q?
9
Let f(a) = a**2 + 14*a - 3. Let o(w) = -w**2 - 14*w + 2. Let q(b) = -4*f(b) - 5*o(b). What is the hundreds digit of q(-23)?
2
Suppose -4*d = 15 - 31. Suppose -5*p + 30 = -d*p. Suppose p = 5*x - 5*g, 3*x - x - 5*g - 18 = 0. What is the units digit of x?
4
Suppose -105 + 0 = -q + g, 3*q + 2*g = 330. Let y = -17 + q. What is the units digit of y?
1
Suppose -5*i = -3*p - 54, 0 = 2*i + i - 2*p - 32. What is the tens digit of (18/i)/((-3)/(-138))?
6
Let k(b) = b**2 + 9*b + 10. Let a be k(-1). Suppose a*y = 6*y + 2*h - 902, -5*y + 1125 = 5*h. What is the hundreds digit of y?
2
Suppose 0 = -2*b + x + 177683, -405*b - 2*x - 266523 = -408*b. What is the thousands digit of b?
8
Suppose 1800 = -14*r + 22*r. Let l = 743 - r. What is the units digit of l?
8
Let d(l) = l**2 + 3*l - 18. Let m be d(9). Let c(z) = -93*z + m*z - 1 + 0 + 3*z**2. What is the tens digit of c(3)?
1
Suppose -39*c + 313469 = -15*c - 570187. What is the hundreds digit of c?
8
Let j = -116021 - -162998. What is the ten thousands digit of j?
4
Suppose -716*u + 5*i + 37802 = -714*u, -4*u + i = -75604. What is the thousands digit of u?
8
Let t(x) be the third derivative of -43*x**4/24 + 11*x**3/2 - 25*x**2 + 1. What is the hundreds digit of t(-6)?
2
What is the hundreds digit of -8 + 2217 - (-7 + 3 - -12)?
2
Suppose -7392 - 8049 = -3*n + 4*o, 4*o = -n + 5131. What is the units digit of n?
3
Let x(n) = 198*n**2 + 74*n + 130. What is the thousands digit of x(-9)?
5
Let n be (-3)/(-3*9/135). What is the thousands digit of 20316/n + 8/(-20)?
1
Let x(c) = 9*c**3 + 11*c**2 + 21*c - 507. What is the tens digit of x(13)?
9
Let m(x) = 147*x**2 - 103*x + 221. What is the ten thousands digit of m(13)?
2
Let y be (14/10 - 1) + 561/85. Suppose -y*j = -3*j - 64. Let h(i) = 5*i - 34. What is the tens digit of h(j)?
4
Suppose -105*s + 110*s = 3760. Suppose 2*i - s = -62. What is the hundreds digit of i?
3
Suppose 8*x = 6*x - 122. Let m = x - -71. Let u(a) = 17*a + 37. What is the tens digit of u(m)?
0
Let y(j) = -2502*j - 2005. What is the units digit of y(-16)?
7
Let v = 5704 - 3430. What is the hundreds digit of v?
2
Suppose -5*d + 15 = 0, -3*d - 1243 = -5*s + d. Suppose -211 = -3*o + s. What is the hundreds 